ide 226842722?
False
Does 720 divide 172965888?
False
Is 40 a factor of 103535920?
True
Does 204 divide 39210361?
False
Is 42747675 a multiple of 47?
True
Is 205100105 a multiple of 2945?
False
Does 674 divide 10094675?
False
Is 77 a factor of 290034811?
False
Does 21 divide 2511784926?
True
Is 78769929 a multiple of 777?
True
Does 14 divide 9844450?
True
Is 10 a factor of 12074873?
False
Does 195 divide 66479634?
False
Is 41252048 a multiple of 865?
False
Is 321258196 a multiple of 3050?
False
Is 16 a factor of 43060704?
True
Is 18 a factor of 103600448?
False
Is 244 a factor of 190465668?
True
Is 12 a factor of 44289480?
True
Is 2106534713 a multiple of 234?
False
Is 163238004 a multiple of 81?
True
Is 3 a factor of 89858012?
False
Does 1477 divide 22055888?
False
Is 1837011883 a multiple of 14?
False
Is 1364202972 a multiple of 44?
True
Is 18 a factor of 366618625?
False
Is 7905703 a multiple of 13?
True
Is 135 a factor of 11207465?
False
Is 530 a factor of 4679543?
False
Is 2368 a factor of 173564928?
True
Is 235074745 a multiple of 1321?
False
Is 21416435 a multiple of 1345?
True
Is 14 a factor of 76808662?
True
Is 1362 a factor of 929699838?
True
Is 16 a factor of 37448919?
False
Is 439 a factor of 372813709?
False
Does 1082 divide 108858131?
False
Is 53 a factor of 615894715?
True
Is 494062475 a multiple of 41?
False
Is 4168554 a multiple of 6?
True
Is 90 a factor of 105117780?
False
Is 13647536 a multiple of 51?
False
Does 44 divide 64426516?
True
Does 205 divide 91286447?
False
Is 206002117 a multiple of 966?
False
Does 114 divide 23330838?
False
Does 57 divide 213819426?
True
Is 2254382680 a multiple of 760?
True
Is 241 a factor of 196040727?
True
Is 756 a factor of 12404224?
False
Is 83593132 a multiple of 776?
False
Is 27662092 a multiple of 8?
False
Is 783648247 a multiple of 239?
False
Is 9 a factor of 879876858?
False
Does 12 divide 42778887?
False
Does 115 divide 54506435?
True
Does 4037 divide 21735505?
False
Does 156 divide 1760109201?
False
Does 675 divide 68167815?
False
Does 102 divide 147298550?
False
Is 23127547 a multiple of 276?
False
Is 759 a factor of 355791117?
True
Is 1151138506 a multiple of 14?
True
Does 352 divide 207016832?
True
Is 125533184 a multiple of 5908?
True
Is 38 a factor of 60353766?
True
Is 7 a factor of 6014866?
False
Is 2437 a factor of 2092512991?
True
Is 314 a factor of 59318228?
False
Is 712530 a multiple of 145?
True
Does 96 divide 2136875328?
True
Does 770 divide 52634120?
True
Is 225512539 a multiple of 161?
True
Is 87029831 a multiple of 2082?
False
Is 38965681 a multiple of 35?
False
Is 6 a factor of 850525500?
True
Is 2019 a factor of 510497140?
False
Is 697584810 a multiple of 8930?
True
Is 623 a factor of 52784921?
True
Is 109347154 a multiple of 29?
False
Is 540328161 a multiple of 817?
False
Is 23493888 a multiple of 412?
True
Does 38 divide 420058303?
False
Does 2467 divide 1605521133?
True
Is 1735651666 a multiple of 61?
True
Is 8350 a factor of 957402770?
False
Is 2047 a factor of 76759188?
False
Is 35 a factor of 52903060?
True
Is 15 a factor of 35755338?
False
Is 9340994 a multiple of 4048?
False
Is 22 a factor of 569624?
True
Is 176665928 a multiple of 2707?
False
Does 71 divide 243816414?
True
Is 38876175 a multiple of 29?
False
Is 20659432 a multiple of 20?
False
Does 780 divide 291809700?
True
Is 217087419 a multiple of 1823?
False
Is 999606682 a multiple of 3154?
True
Is 44 a factor of 47373482?
False
Is 13 a factor of 49880892?
False
Does 248 divide 57261015?
False
Is 46 a factor of 63629665?
False
Does 21 divide 78778434?
True
Is 147157092 a multiple of 12?
True
Does 3669 divide 732130165?
False
Does 20 divide 24922807?
False
Does 79 divide 31953688?
False
Does 18 divide 91071332?
False
Is 363 a factor of 93540315?
False
Does 565 divide 238759395?
True
Does 6 divide 169991045?
False
Is 15 a factor of 494531310?
True
Is 10106943 a multiple of 33?
True
Does 8303 divide 294926227?
False
Is 1111754915 a multiple of 1400?
False
Does 4600 divide 398686600?
True
Is 11210709 a multiple of 542?
False
Is 23 a factor of 11296020?
False
Is 10278264 a multiple of 6?
True
Is 15 a factor of 28083781?
False
Is 12208125 a multiple of 425?
True
Is 19 a factor of 1959033409?
False
Does 250 divide 1661941237?
False
Does 58 divide 7604544?
False
Is 29970759 a multiple of 2177?
True
Is 11 a factor of 7778054?
False
Is 8174380 a multiple of 27?
False
Is 47789424 a multiple of 18?
True
Does 1947 divide 3584427?
True
Is 989 a factor of 28006186?
False
Is 76259190 a multiple of 14?
True
Is 4299185 a multiple of 243?
False
Is 167799865 a multiple of 137?
False
Is 172 a factor of 72632332?
True
Is 741 a factor of 883766247?
True
Does 70 divide 33276950?
True
Does 60 divide 997636680?
True
Does 69 divide 933888435?
True
Does 137 divide 96255515?
True
Is 92783572 a multiple of 51?
False
Does 609 divide 17908565?
False
Is 150395868 a multiple of 707?
True
Is 38082843 a multiple of 64?
False
Is 30771918 a multiple of 1437?
True
Is 42439744 a multiple of 62?
True
Does 21 divide 79856765?
False
Does 7 divide 1246017424?
False
Is 151 a factor of 243482827?
False
Does 27 divide 1225636002?
True
Is 60 a factor of 1396023635?
False
Does 113 divide 39016871?
False
Is 96 a factor of 383432042?
False
Is 7 a factor of 344914857?
True
Is 1013282178 a multiple of 196?
False
Is 155109955 a multiple of 1001?
True
Is 64 a factor of 53099200?
True
Is 83 a factor of 110096346?
True
Is 58272846 a multiple of 46?
True
Is 175565592 a multiple of 1062?
True
Does 100 divide 1666017?
False
Is 6 a factor of 1520472?
True
Is 469210710 a multiple of 23?
False
Is 169883875 a multiple of 10?
False
Is 7617 a factor of 1882398587?
False
Is 79868988 a multiple of 12?
True
Is 689182725 a multiple of 25?
True
Is 1780560776 a multiple of 4744?
True
Is 1444 a factor of 7708072?
True
Is 9328998 a multiple of 571?
True
Is 14 a factor of 87547578?
False
Does 18 divide 126314190?
True
Is 13 a factor of 2844262?
False
Is 171 a factor of 39555110?
False
Is 14191865 a multiple of 374?
False
Does 8 divide 28808409?
False
Is 5669840 a multiple of 80?
True
Is 79775154 a multiple of 941?
False
Does 2627 divide 834096143?
True
Is 2074721350 a multiple of 130?
True
Does 12 divide 122824500?
True
Is 536 a factor of 39424944?
True
Does 78 divide 162605466?
False
Is 751 a factor of 39762183?
False
Is 27306886 a multiple of 186?
False
Does 24 divide 1201022351?
False
Is 126078537 a multiple of 43?
True
Is 40966926 a multiple of 1482?
True
Is 631785300 a multiple of 202?
True
Is 2384 a factor of 242898608?
True
Does 18 divide 8645112198?
True
Does 68 divide 330691208?
True
Is 7504664 a multiple of 166?
False
Is 4 a factor of 889252?
True
Does 117 divide 26373411?
False
Is 64067990 a multiple of 21?
False
Is 7482303 a multiple of 12?
False
Is 2142 a factor of 158339214?
False
Is 7 a factor of 291740127?
True
Is 14837172 a multiple of 28?
True
Is 2901 a factor of 235668537?
True
Is 472 a factor of 51503696?
True
Does 1104 divide 841392624?
True
Does 44 divide 1479984764?
False
Is 4498668 a multiple of 171?
True
Is 36217148 a multiple of 11?
True
Is 14 a factor of 2886556972?
False
Does 316 divide 79025967?
False
Does 18 divide 306575078?
False
Is 4 a factor of 42079624?
True
Does 14 divide 26709348?
False
Is 29017015 a multiple of 2497?
False
Is 17 a factor of 687963514?
True
Is 169 a factor of 123011779?
False
Is 379 a factor of 10907485?
False
Is 14 a factor of 4175947?
False
Is 57 a factor of 170806117?
False
Does 62 divide 46430498?
True
Is 182 a factor of 357416332?
True
Is 15203130 a multiple of 268?
False
Is 16 a factor of 1761959152?
True
Is 77500179 a multiple of 36?
False
Is 45 a factor of 4315635?
True
Is 2275716440 a multiple of 336?
False
Is 142 a factor of 41959012?
True
Is 15 a factor of 39625305?
True
Is 337218036 a multiple of 4?
True
Does 52 divide 10547472?
True
Is 8564570 a multiple of 12?
False
Is 371 a factor of 2884073?
False
Does 9 divide 49544715?
False
Does 200 divide 315649862?
False
Does 1145 divide 327956169?
False
Is 9853061 a multiple of 20?
False
Does 166 divide 49578390?
True
Does 36 divide 3273540084?
True
Is 102 a factor of 1716204264?
True
Does 1624 divide 506938635?
False
Does 211 divide 347966008?
True
Is 36 a factor